pose -4 = h*t - 16. What is the remainder when 76 is divided by (t - 152/28)*-14?
16
Let o = 72 + -68. Suppose 15 = o*r + z, 6*r + 24 = 11*r - 4*z. Calculate the remainder when 21 is divided by r.
1
Suppose 45*y - 2908 = 41*y. What is the remainder when y is divided by 26?
25
Let b be (-18)/81 + (-76)/(-18). Suppose -b*z = -5*g - 375, -z - g + 205 = z. Suppose -3*j - 2*j = -z. Calculate the remainder when j is divided by 7.
6
What is the remainder when 14/((-336)/(-9)) + (-3098)/(-16) is divided by 74?
46
Suppose 42 + 33 = j. Let v = j + -49. Let l = v + -22. Calculate the remainder when 10 is divided by l.
2
Let f(h) = -h**3 + 10*h**2 - 2. Let m be f(10). Calculate the remainder when 110 is divided by 16 + (-7 - m - -3).
12
Let g be (32 - 3) + 12/(-3). Suppose -3*r - 2*r + g = 0. What is the remainder when (1 - 0) + (0 - -13) is divided by r?
4
Let q(g) = 45*g + 19. Calculate the remainder when q(2) is divided by 37.
35
Let h(z) = z**3 + 5*z**2 - 5*z + 1. Let f(n) = n**3 - 40*n**2 - 85*n + 149. What is the remainder when f(42) is divided by h(-4)?
33
Suppose -53*a + 44*a + 1458 = 0. Calculate the remainder when a is divided by 15.
12
Let w(s) = -1363*s**2 + 4*s - 5. Let k be w(1). What is the remainder when (-2)/(-9) - k/99 is divided by 5?
4
Suppose 20*d - 542 - 418 = 0. Calculate the remainder when 190 is divided by d.
46
Let w(d) be the second derivative of -d**5/20 + 5*d**4/6 + d**3/6 + 4*d**2 - 2*d. Calculate the remainder when w(9) is divided by 95/(-20) + 4 + 412/16.
23
Let g = -45 - -118. Calculate the remainder when g is divided by 7.
3
Let m = 63 + -58. Suppose -m*u = -3*l - 172, -4*l + 12 = u + l. What is the remainder when u is divided by 18?
14
Suppose 7 = 2*s + u, 2*s - u - 8 = -s. Suppose 10*k + s*h = 5*k + 68, -3*k + 4*h = -35. What is the remainder when k is divided by 3?
1
Suppose -3*q + 30 = 3*l, -18*l - q - 65 = -22*l. What is the remainder when 327 is divided by l?
12
Suppose 4*w - 8 = 0, -5*w = 5*v + 2 + 3. Let i = v + 58. What is the remainder when i is divided by 10?
5
Let u(c) = 12*c**2 + c - 1. Let n(r) = -r**3 - 3*r**2 - 2*r - 4. Let f be n(-3). Suppose -3*j + 1 = -f. What is the remainder when 34 is divided by u(j)?
10
Let d = 98 - -42. Suppose 5*v - d = -3*w, w + w - 114 = -4*v. What is the remainder when v is divided by (-3 - -1) + 10 - 0?
7
Let d(u) = -u**2 - 5*u + 3. Let g be d(-6). Let s = g - -5. Suppose 0 = -3*w + s*r + 60, 15 = w - 0*w + r. What is the remainder when 68 is divided by w?
14
Let k(t) = t**2 - 6*t - 2. Let i be k(7). Calculate the remainder when ((i/2)/(5/200))/1 is divided by 26.
22
Suppose 10 = -12*j - 686. Let v = j + 67. Calculate the remainder when 33 is divided by v.
6
Calculate the remainder when 549 + ((-8)/(-2) - -1) is divided by 93.
89
Let d(h) = h**3 + 46*h**2 - 51*h - 132. Let i(g) = 6*g - 3. Suppose 2*c + 0*c = 6. Calculate the remainder when d(-47) is divided by i(c).
11
Let r(x) = 10*x**3 - 4*x**2 + 4*x - 3. Let t = -18 - -20. What is the remainder when r(t) is divided by 18?
15
Let t(q) = -q**2 - 1. Let j(b) = 9*b**2 + 1. Let u(v) = -j(v) - t(v). Let i be u(1). Let l = i - -16. Calculate the remainder when 13 is divided by l.
5
Let z = 43 - -20. Calculate the remainder when z is divided by 33.
30
Let w = -4 + 34. Suppose -4*c = 5*h - 2*c + 81, -3*c - 9 = 0. Let g = 26 + h. What is the remainder when w is divided by g?
8
Let k = -3 + 7. Let a(i) = 7*i**3 - 681*i**2 + 196*i - 178. What is the remainder when a(97) is divided by k?
0
Suppose 0*f + 5*u = 4*f + 112, -8 = -2*u. Let i = -23 - f. Suppose i = -2*x + 10 + 18. Calculate the remainder when 55 is divided by x.
13
Let u = -1511 + 1573. Calculate the remainder when u is divided by 25.
12
Let f = 659 + -653. Calculate the remainder when 35 is divided by f.
5
Let x = -649 + 659. What is the remainder when 34 is divided by x?
4
Let q(d) = d**2 + d - 2. Let i be q(-10). Calculate the remainder when (-22)/i + 397/4*1 is divided by 26.
21
Let i = -162 + 259. Calculate the remainder when i is divided by 27.
16
Let c be (-2)/(-6) - (-16)/6. Calculate the remainder when (0 - 155)*c/(-5) is divided by 32.
29
Let k = -717 + 738. Calculate the remainder when 55 is divided by k.
13
Suppose -2*v + 7 = 3*g, -4*v = 5*g - v - 13. Suppose -g - 3 = -n. Suppose -b - 335 = -5*r, -n*r = -5*r + b - 193. What is the remainder when r is divided by 17?
15
Let g = 12 + 24. Suppose -1 = 7*u - g. Suppose 12 = 5*h - 2*h. What is the remainder when u is divided by h?
1
Let q = -116 - -179. Let x = q - 52. What is the remainder when x is divided by 2?
1
Suppose -3*i = 5*b - 140, 4*i = -5*b + 6*b - 5. What is the remainder when 174 is divided by b?
24
Let y(g) = 2*g**2 + 4*g - 3. Let d be (-1)/5 + 696/30. Let n = d - 0. Calculate the remainder when y(4) is divided by n.
22
Let l(i) = 5*i + 27. What is the remainder when l(-2) is divided by 10?
7
Let w(u) be the first derivative of -u**3/3 + 13*u**2/2 - 11*u + 6. Let s be w(12). Calculate the remainder when 32 is divided by (-64)/(-5) - s/(-5).
6
Suppose 7*g - 942 - 486 = 0. Calculate the remainder when g is divided by 26.
22
Suppose -4*n + 30 = n. Suppose h + 100 = n*h. Calculate the remainder when 37 is divided by h.
17
Let b = -66 + 223. What is the remainder when b is divided by 20?
17
Let g = 17 - -58. Let q = -34 + g. What is the remainder when q is divided by 15?
11
Suppose 39 + 85 = 4*l. What is the remainder when (-492)/(-57)*(-836)/(-88) is divided by l?
20
Let a(k) be the second derivative of -k**5/20 - k**4/6 + 2*k**3/3 + 2*k**2 - 8*k. Calculate the remainder when a(-5) is divided by 12.
11
Let y = 24 + -101. Let l = y - -104. Calculate the remainder when (-1587)/(-15) + (-2)/(-10) is divided by l.
25
Suppose 27 = -2*i + 107. Suppose 12*j = 16*j - i. What is the remainder when 28 is divided by j?
8
Suppose -5*d = -5 - 10. Suppose 0 = d*k - 28 - 23. What is the remainder when k is divided by 6?
5
Let q be -5 - 5/((-15)/39). Suppose -q*m + 13 = -59. What is the remainder when 32 is divided by m?
5
Let c = 31 + -27. Suppose -c*i + 8*i = 40. What is the remainder when 29 is divided by i?
9
Let c(f) = 8*f**2 + 22*f + 14. Calculate the remainder when 48 is divided by c(-3).
8
What is the remainder when 225 is divided by 7 - 2 - (-126 - (-14)/7)?
96
Let p = 1 - 9. Let h(d) = 2*d**2 + 4*d - 4. What is the remainder when h(3) is divided by (-2)/p + (5 - 140/(-16))?
12
Let a be 22/(-10)*-5 + (0 - 4). Suppose a*g = 140 + 56. What is the remainder when 165 is divided by g?
25
Suppose 3*l - 461 = y - 0*y, 5*l + 5*y - 735 = 0. Let j = l - 107. What is the remainder when 223 is divided by j?
43
Suppose 0 = -10*d - 178 + 808. Calculate the remainder when 626 is divided by d.
59
Suppose 0 = -a + 185 - 186, 5*y = 3*a + 138. Let f = 10 + -5. What is the remainder when y is divided by f?
2
Let c = 520 + -436. What is the remainder when c is divided by 18?
12
Suppose 6*x + 3*x + 1836 = 0. Let s = x - -288. Calculate the remainder when s is divided by 22.
18
Let t = 1216 + -1149. What is the remainder when t is divided by 15?
7
Let x(b) = b**3 + 12*b**2 + 18*b + 17. Suppose 2*z + n - 20 = z, 4*n + 91 = 5*z. Calculate the remainder when x(-10) is divided by z.
18
Suppose -6*x = -2*x - 464. Suppose 24 = -5*k - x. Let u = k - -67. Calculate the remainder when u is divided by 10.
9
Let m(q) = -q**3 - 14*q**2 - 30*q - 283. Calculate the remainder when m(-14) is divided by 20.
17
Let l = -11 - 2. Let h = 14 + l. Calculate the remainder when (-9)/6*1*-2 is divided by h.
0
Calculate the remainder when (30/2)/5 + 259 is divided by 38.
34
Let d be (-16)/(-10) + 10/25. Calculate the remainder when 32 is divided by -1*-9*(-1 + d).
5
Suppose -245 = -2*f + 3*n, -12*f - n + 483 = -8*f. What is the remainder when f is divided by 35?
16
Let y(l) = l**3 - 7*l**2 - 3*l - 11. Calculate the remainder when 548 is divided by y(8).
26
Suppose 5*g - 11*w - 912 = -15*w, 4*w - 12 = 0. What is the remainder when g is divided by 38?
28
Suppose 0 = 3*p + 5*l - 25, -12 = 2*l + l. What is the remainder when 59 is divided by p?
14
Let s(y) = 57*y**2. Calculate the remainder when s(1) is divided by (-5*1)/(7/84*-3).
17
Suppose 4*r = 5*q - 47, -4*q + 2*r + 38 = -r. Suppose -41*s + 1232 - 412 = 0. What is the remainder when s is divided by q?
9
Let 